q - 2*q - 334, g + 3*q - 346 = 0. Suppose -4*i + 2*u = -g, 2*i + i - 266 = -4*u. What is the tens digit of i?
8
Let m(k) be the first derivative of k**4/4 + 10*k**3/3 - 11*k**2/2 + 15*k + 3. Let a = -20 + 9. What is the tens digit of m(a)?
1
Let b be (-38)/2 + -1 + 0. Let g be ((-12)/21)/(-2*2/364). Let o = b + g. What is the units digit of o?
2
Suppose 11129 = -v + 6*v + 2*n, 3*n = -v + 2231. What is the hundreds digit of v?
2
Let v = -3587 + 5173. What is the units digit of v?
6
Let b = 0 + 3. Suppose 0*c - 4*p + 106 = b*c, 79 = 2*c + p. What is the tens digit of c?
4
Let u(z) = z**2 - 4*z + 4. Let q be u(7). What is the units digit of (-9)/15 - (-1140)/q?
5
What is the tens digit of (-40311)/45*(-10)/6?
9
Suppose 39*b - b - 18848 = 0. What is the hundreds digit of b?
4
Suppose -q + 5*m - 6 = q, 2*q = 2*m. Suppose -q*v = v - 42. Let p = 20 - v. What is the units digit of p?
6
Let i(s) = -52*s + 32. Let q be i(-11). Suppose -13*f + 9*f = -q. What is the units digit of f?
1
Suppose -3*w = 13 + 17. Let t = -2 - w. Suppose 0 = -t*j + 3*j + 180. What is the units digit of j?
6
Suppose 0 = -3*q + 4*r + 1356, 3*r = 2*q - 580 - 325. Suppose -3*z = -5*z + q. What is the units digit of z?
4
Suppose 176 = 2*b + 12. Suppose b*l - 1025 = 77*l. What is the hundreds digit of l?
2
Let m(y) = -20*y + 306. What is the hundreds digit of m(0)?
3
Suppose 0 = 10*n - 51 - 199. Suppose -3*y = -8*y + n. What is the units digit of y?
5
Suppose -5*g = 47 - 307. Let f = g + 10. What is the tens digit of f?
6
Suppose -5*o - 72 = -9*o. What is the units digit of ((-135)/o)/(2/(-4))?
5
What is the thousands digit of 51/(-102)*(1 - 2123)?
1
What is the tens digit of (-89)/(-2)*(-6 - -12)?
6
Suppose 3*i = 5 + 13. What is the units digit of i/(-21) - 1157/(-7)?
5
Let v(b) = 1676*b**2 - 12*b + 5. What is the hundreds digit of v(1)?
6
Let s be 3*((-10)/3 + 2). Let x = 10 + s. Suppose -4*l - 68 = -x*l. What is the tens digit of l?
3
Let o be 0 + -2 + (-28)/(-4). Suppose 0 = -3*m + o*x - 10 + 67, -x - 17 = -m. Let f(k) = -k**3 + 15*k**2 - 12*k - 1. What is the tens digit of f(m)?
2
Suppose -3*x + 302 = -193. What is the hundreds digit of x?
1
Suppose -l - 1 + 5 = 0. Let v = -3 - -2. What is the tens digit of (v/2)/(l/(-240))?
3
Let i = 131 - 125. Let w(p) = p**3 - p**2 + 16*p + 14. What is the units digit of w(i)?
0
Let i(c) = c - 2. Let j be i(7). Suppose 2*b - 280 = j*r, 87 = 4*b + 2*r - 473. What is the tens digit of b?
4
Let k(h) = -29*h - 4. Let g = -68 - -65. What is the units digit of k(g)?
3
Suppose -5*p - 30 = -2*s - 2, 0 = -3*s + p + 16. Suppose -s*o - 33 + 725 = 0. What is the units digit of o?
3
Let h(g) = 54*g**3 - 4*g**2 + 4*g - 8. What is the units digit of h(3)?
6
Let a(t) be the third derivative of t**5/10 - 3*t**4/8 + 11*t**3/6 + 37*t**2. What is the units digit of a(2)?
7
Let f = -34 + 91. Let y(j) = j**3 - 7*j**2 + 6*j + 8. Let s be y(4). Let q = s + f. What is the units digit of q?
1
Let a be 1/(4/8) - 0. Suppose -y = -3*y + 5*c - 10, 0 = -2*y - 4*c + 26. Suppose -5*s + y*i = -s - 80, 4*i = -a*s + 40. What is the units digit of s?
0
Let u(q) = 3*q**2 - 41 - 7*q - 4*q**2 + 39. Let p = -6 + 3. What is the tens digit of u(p)?
1
Let x(b) = -11*b - 32. Let t be x(-31). Suppose -3*s = -t - 111. What is the tens digit of s?
4
Let d = 1967 + -1296. What is the tens digit of d?
7
Let f(b) = -b + 1. Let t(n) = n**2 + 10*n + 3. Let c(w) = -3*f(w) - t(w). Let r be c(-5). Suppose 4*y - 92 = r. What is the units digit of y?
4
Let h(v) be the second derivative of v**4/6 - 2*v**3/3 - 27*v**2 + 32*v. What is the hundreds digit of h(-10)?
1
Let z(k) = -7*k**3 + k**2 - k + 3. Suppose r - 8 = -6. Suppose -x - r*x - 6 = 0. What is the units digit of z(x)?
5
Suppose 2 = -3*q - 1. Let s = -5 - q. Let i(t) = -t**3 - 2*t**2 + 2*t - 3. What is the tens digit of i(s)?
2
Let p(c) = -20*c - 11. What is the units digit of p(-5)?
9
Let s = -36 + 77. Suppose -2*p = -4*z - 86, 3*p + z - s - 60 = 0. Let h = p - 22. What is the tens digit of h?
1
Let o = -303 + 51. Let l = o - -126. Let a = -69 - l. What is the units digit of a?
7
Suppose -b + 6 - 2 = 0. What is the units digit of ((b + -176)/2)/((-4)/2)?
3
Let g(y) = 2*y**2 - 13*y - 1. Let j(v) = v**2 + 15*v + 7. Let s be j(-15). What is the units digit of g(s)?
6
What is the units digit of 603 - 1 - (6 - (15 + -9))?
2
Let c(u) = 32*u**2 - 3*u - 2. Let g be c(-4). Suppose 0 = -a - 5*a + g. What is the tens digit of a?
8
Suppose -36*w - 3447 = -45*w. What is the tens digit of w?
8
What is the tens digit of (-10548)/(-45)*(7 - 2)?
7
Let p(l) = 137*l - 263. What is the hundreds digit of p(23)?
8
Let v = 2 + -28. Let u = 42 + v. What is the units digit of 70/4*u/10?
8
Let b(p) = p**2 + 15*p - 61. What is the units digit of b(9)?
5
Suppose 53*b = 45*b + 17216. What is the thousands digit of b?
2
Suppose 5*o + 7195 = 5*l, 1439 = l + o - 6*o. What is the thousands digit of l?
1
Let b(v) = 12*v**2 - 29*v - 96. What is the units digit of b(-3)?
9
Suppose 0 = 3*j + 15, -3*a + 35 = 2*a - 5*j. Let d(n) = -n + 3. Let h be d(1). Suppose h*g - 80 = -a*g. What is the tens digit of g?
2
Suppose d = 5*h + 17, -3*d - 2*h + 37 = -3*h. Suppose 2*o = -2*v + d, 4*v + 25 = 2*o - 11. What is the tens digit of o?
1
Let y(r) = r**2 - 7*r - 9. Let b be y(9). Suppose 2*f - 42 + 12 = 0. Let j = b + f. What is the units digit of j?
4
Suppose 11*r - 6*r = 20. Let x be 15 + 3/((-12)/r). Suppose 1 = -u + x. What is the units digit of u?
3
Let o = 446 - 251. Suppose j = -4*j + 255. Suppose -8*q - j = -o. What is the units digit of q?
8
Suppose -2*k = 4*w - 293 - 141, 5*k - 1085 = -w. What is the hundreds digit of k?
2
Let o(x) = 5*x**3 + 3*x**2 - 3*x - 1. Suppose 4*u = i - 12, u + i - 3*i + 10 = 0. Let j be 32/14 + u/7. What is the tens digit of o(j)?
4
Suppose -3*c = 4*w - w - 54, 72 = 4*c - w. Suppose 408 = 22*d - c*d. What is the units digit of d?
2
Let u(h) = 92*h - 297. What is the hundreds digit of u(13)?
8
Let b = 19 + -17. Suppose -b*c = -4*k + 114, -4*k + c + 120 = 5*c. Suppose -d + k = -17. What is the units digit of d?
6
Let x be (441/6)/(-7)*-6. What is the units digit of -165*((-39)/x + 4/14)?
5
Let n(k) be the third derivative of k**6/20 + k**5/20 + k**4/6 - k**3/3 - 41*k**2. What is the hundreds digit of n(3)?
1
Suppose -1439 - 1571 = -5*k - 2*z, 2*k - 2*z - 1204 = 0. What is the tens digit of k?
0
Suppose -v - 8399 = -5*g, -8*g + 6720 = -4*g - v. What is the thousands digit of g?
1
Let b(l) = l**2 + 22*l + 45. Let o be b(-2). Let f(k) be the first derivative of 7*k**2/2 - 4*k + 1. What is the units digit of f(o)?
1
Let h(s) = 82*s**3 + s**2 - 5*s - 6. What is the hundreds digit of h(2)?
6
Let a = 332 + -176. What is the hundreds digit of a?
1
What is the units digit of (-2 + (-2)/(-4))*(-9054)/27?
3
Let x be (4/6)/(27/9558). Suppose -g - 101 = -240. Suppose -5*d + g = -x. What is the tens digit of d?
7
Let i = -222 - -73. Let x = -60 - i. What is the tens digit of x?
8
Let f(r) = -23*r + 11. Let b be f(3). Let n = 90 + b. What is the tens digit of n?
3
Let y be (-34)/(-10) - (-28)/(-70). Suppose 146 = y*l - 133. What is the tens digit of l?
9
Let u be 2/6 - (-916)/6. Suppose -7*h + u = -190. What is the units digit of h?
9
Let w(u) = -u**3 - 15*u**2 + 15*u - 16. Let t be w(-16). Suppose -p - 6*p = t. Suppose p*d - 3*d + 96 = 0. What is the tens digit of d?
3
Let o = 11 - 6. Let j be 1 + (-5)/(20/(-12)). Suppose j*z - o*z + 15 = 0. What is the tens digit of z?
1
Suppose 20*g = 19*g + 111. What is the tens digit of g?
1
Suppose -l - 20 = -w + 6, w - 24 = -l. Suppose w*v - 938 = 18*v. What is the tens digit of v?
3
Suppose 139*v - 141*v - 2 = 0. What is the tens digit of (v - -145) + (1 + -11)/5?
4
Let w be 3 + (0 + -9)/3. Let a(c) = 11*c + 5*c**2 - 6*c**2 + w + 8 - 3. What is the units digit of a(10)?
5
Let x(p) = 62*p**2 + 15*p + 93. What is the thousands digit of x(-4)?
1
Let f = 396 + 129. What is the hundreds digit of f?
5
Let j(l) = -600*l + 37. What is the tens digit of j(-1)?
3
Let l(i) = 7*i + 171. What is the tens digit of l(-11)?
9
Let o(v) = -v - 2. Let d be o(-8). Suppose 0*r + d*r = 384. What is the tens digit of r?
6
Suppose 0 = -12*q + 2631 + 3753. What is the units digit of q?
2
Let o(r) = 23*r**3 - 10*r**2 + 12*r + 4. What is the tens digit